 l(-7).
-7
Let w(k) = -k**2 + 10*k + 3. Let x(q) = -3*q**2 + 19*q + 4. Let y(i) = -5*w(i) + 2*x(i). Calculate y(-13).
-20
Let z(x) = -11 + 4*x - 8*x - 6*x + 11*x. Give z(-11).
-22
Suppose 0 = 5*a + v - 28, -3*a + v + 24 = -2*v. Suppose 11*k - 10 = a*k. Let j(c) = 9*c**k - 3*c - 4*c**2 - 2*c - 3 + 6*c - c**3. Calculate j(5).
2
Let k(n) = 3*n + 14. Let v(m) = 3*m - 79. Let o be v(24). Determine k(o).
-7
Let j(x) = x**3 - 3*x**2 + 2*x + 1. Suppose 0 = 3*l - l + 10, 27 = 4*h + l. Let p = -6 + h. Determine j(p).
1
Let u(p) = -p**2 - p + 1. Let i = 16 - 15. Let a(w) = -4*w**2 - w + 5. Let c(f) = i*a(f) - 3*u(f). Let d(r) = -r - 8. Let k be d(-6). What is c(k)?
-6
Suppose -3*z - 4*t = -4, 3*z - 2*t - 27 = -11. Suppose -b - z = 1. Let n(f) = 2*f**2 + 11*f + 6. Let r be n(b). Let k(m) = -7*m**2 + 2*m - 1. Determine k(r).
-6
Let q(y) = y**2 + 15*y + 26. Let l = 1054 - 1067. Give q(l).
0
Let a(w) = 12*w**2 + 4*w - 1. Let h be a(-1). Let k(s) = -s + 1. Calculate k(h).
-6
Suppose 3*f + 103 = 4*p, -f - f = -2*p + 50. Let c = p - 31. Let y(s) = s**2 + 7*s + 1. Give y(c).
-11
Let j(a) = a**3 - 7*a**2 - 3. Let v be j(7). Let k be 13/v - (-4)/(-6). Let c(o) = -13 + 3*o + 3*o - 4*o + 16. Give c(k).
-7
Let y(v) = 13*v**3 + 4*v**2 + 4*v + 10. Let j = 130 - 124. Let a(c) = 15*c**3 + 5*c**2 + 5*c + 11. Let q(s) = j*a(s) - 7*y(s). Give q(3).
-7
Let t(g) = -g + 9. Let n be t(-3). Suppose 0 = 3*m + 3 + n. Let w(k) be the first derivative of k**4/4 + 5*k**3/3 + 3*k - 6. Give w(m).
3
Let h be (2/(-6) - (-16)/48) + 3. Let r(i) be the second derivative of 0 - 2/3*i**h - 1/20*i**5 + 7/12*i**4 + 6*i - 3*i**2. Give r(6).
6
Let v(s) be the second derivative of s**4/12 + 11*s**3/6 + 7*s**2 - 125*s. Calculate v(-10).
4
Let w(y) = -5*y + 3. Let q(r) = 4*r - 2. Suppose 287 = 5*z + 3*p - 42, 4*z - 262 = -2*p. Let f be z/20 - (-1)/(-5). Let g(k) = f*q(k) + 2*w(k). Determine g(1).
2
Let k(x) = 34*x + 2 + x**2 - 72*x + 22*x + 27*x. Determine k(-11).
2
Let d(z) = -7*z + 6*z - 8*z**2 - 3 + 0 - 2*z. Let a(f) = 9*f**2 + 3*f + 3. Let w(n) = 5*a(n) + 6*d(n). Calculate w(-2).
-9
Let l(i) = -12 + 345*i**3 - 9*i**2 - 166*i**3 + 6*i - 178*i**3. Give l(8).
-28
Let p(u) = -u**3 - 15*u**2 - 58*u - 14. Let v be p(-6). Let i(s) = 2*s - 8. What is i(v)?
12
Suppose -5*l - 20 = -5*k, 0 = -11*l + 6*l + 3*k - 22. Let f(b) = b**2 + 8*b. Give f(l).
-15
Let h be (3 - -5)*(5/1)/10. Let a(n) be the second derivative of n**3 - 1/12*n**h - n**2 + 0 - 3*n. Calculate a(6).
-2
Let m(c) be the first derivative of c**2/2 + 22. Calculate m(2).
2
Let b be ((-2)/(-2))/(-2)*-44. Suppose 4*i - 2 + b = 0. Let c(t) = t + 7. Calculate c(i).
2
Let o(z) = -z - 3. Let u(w) = w**3 + 13*w**2 - 32*w - 28. Let r be u(-15). Suppose r*p - 3*p - 5 = -2*k, -4*p - 5*k = 20. Determine o(p).
2
Let n be (-3)/8 + 77/56. Let w(x) = x**3 - x**2 - 1. Let d(y) = 7*y**3 - 6*y**2 + y - 7. Let m(c) = -d(c) + 6*w(c). Give m(n).
-1
Let m(g) = g**3 - 3. Let b(f) = f**3 + f**2 + 1. Let r(x) = -2*b(x) - m(x). Suppose 4*a + 4*a = -8. What is r(a)?
2
Let i be ((-8)/3*-3)/2. Let c(k) = i - k**2 - 3*k**2 + k**3 - 228*k + 223*k. Determine c(5).
4
Let t(a) be the third derivative of -a**4/24 - 8*a**3/3 + 22*a**2 - 3*a. Calculate t(-8).
-8
Suppose 12 = -4*h + 10*h. Let v(l) = 78*l**3 - 77*l**3 - 2*l + 12*l + 10*l**h + 7. Calculate v(-9).
-2
Let r(j) be the first derivative of j**4/8 - j**3 - 2*j**2 + 9. Let o(t) be the second derivative of r(t). Determine o(-6).
-24
Let y(z) = z**3 + 6*z**2 + 3*z + 2. Let p be (-68)/11 - -4*(-2)/(-44). Let q be (-78)/15 - p/30. Calculate y(q).
12
Let m(j) = j**2 + 10*j + 10. Let p be 1/(-5*9/315). Give m(p).
-11
Let n(h) = h**3 + h + 15. Suppose -12*s = 7*s - 17*s. Calculate n(s).
15
Let p(h) = 5 + h**3 - 3 + 5*h**2 - 1 + 4*h. Suppose 21*a + 3 = 3*q + 19*a, 3*q + 5*a + 39 = 0. Determine p(q).
7
Suppose -5*c = -5*m + 15, 0*c - 4*c - 4*m = 12. Let b(r) be the second derivative of r**3/6 - 3*r**2/2 - 2*r. Give b(c).
-6
Let u(z) = z**3 - 4*z**2 - 6*z + 2. Suppose -8*b = -10 - 30. What is u(b)?
-3
Let l(k) be the second derivative of -k**4/12 + 11*k**3/6 - 8*k**2 + k - 305. Calculate l(7).
12
Suppose u - 483 = -115. Let q(g) = -2*g**2 + 4 + u*g - 5 - 368*g. What is q(2)?
-9
Let m(t) = -t**2 - 2. Let h(v) = v + 10. Let n(y) = h(y) + 5*m(y). Suppose -k + 2*w = 3*w - 2, -5*w + 5 = 0. Determine n(k).
-4
Let a be (-3)/(1 - (-2)/(-1)). Let k(t) = 2*t**3 - 9*t**2 - 1. Let r(c) be the first derivative of c**4/4 - 4*c**3/3 + 4. Let p(l) = 2*k(l) - 5*r(l). Give p(a).
-11
Let z(s) = -8*s + 17. Let m(k) = -4*k + 9. Let v(h) = 11*m(h) - 6*z(h). Determine v(5).
17
Let f(r) = -3*r + 9. Let t be f(6). Let j(q) be the third derivative of q**5/60 + 3*q**4/8 + q**3/3 + 718*q**2. Give j(t).
2
Suppose -13*p + 32 = -9*p. Let n(o) = 3*o - 6. Let g(z) = z - 2. Let s(m) = -8*g(m) + 3*n(m). Determine s(p).
6
Let x be (-1)/(-2)*(2 - -12). Suppose 5*h - 22 = -x. Let f(m) = -2*m**3 + 5*m + 3*m**h - 7*m**2 + 0 + 1. Give f(6).
-5
Let x(p) = -p**3 - 88*p**2 - 256*p - 86. Let u be x(-85). Let h(a) = 11*a + 1. Let k(w) = -22*w - 2. Let g(d) = 7*h(d) + 4*k(d). Determine g(u).
10
Let t(l) = 23*l - 131. Let k be t(6). Let h(o) = -4 + 11 - 2*o + o. Determine h(k).
0
Suppose 3*r - 22 = -1. Let n(s) = -3*s + 2*s**2 - r - s**2 + 9*s - 2*s**2. What is n(7)?
-14
Suppose y + 19 = 18. Let z(r) = -14*r**2 - r - 1. Give z(y).
-14
Suppose -4*t - 8 = 5*r, 0 = -16*t + 14*t - 3*r - 6. Let p(x) be the third derivative of 0*x + 5/24*x**4 - 1/3*x**t + 0 + 7*x**2. Determine p(-2).
-12
Let n(y) = y**2 - 10*y - 3. Let a(b) = -b**2 + 10*b - 8. Let k(x) = -3*x**2 + 19*x - 15. Let u(l) = -5*a(l) + 2*k(l). Let m be u(-12). Determine n(m).
-3
Let u be 0*(-18)/180*(-1)/8. Let l(q) = -1 - 3 + 16 + q. What is l(u)?
12
Let a(j) = -j + 1. Let n(b) = 4*b - 1. Let g(k) = -4*a(k) - 5*n(k). What is g(3)?
-47
Let l be 1 - (1 + -5 - -2). Let n(z) be the third derivative of z**6/120 - z**5/12 + z**4/12 - z**3/6 - z**2 + 330. Calculate n(l).
-13
Let y be 7*(5 + 8/(-2)). Let m(u) = u**3 - 6*u**2 - 10*u - 2. Calculate m(y).
-23
Suppose -15*y + 172 = -11*y. Let u(j) = 42*j - 84*j + y*j - 2. What is u(-2)?
-4
Let a be 5/15*9 - 3. Let w(b) = a + 1 - 117*b + 120*b. Calculate w(3).
10
Suppose 4*r = y - 19, 19 - 7 = -4*r. Let j(q) = 2*q**3 - 19*q**2 - 23*q + 5. Let p(u) = -u**3 + 10*u**2 + 12*u - 3. Let n(z) = y*p(z) + 4*j(z). Determine n(7).
-8
Let u(r) = -r**2 - r. Let g be (2 + (-2 - -2))*11. Let p = -21 + g. Let l(f) = -f**2 + 5*f. Let q(o) = p*l(o) - 2*u(o). What is q(-7)?
0
Let l be ((-21)/5)/(3/15). Let p = -25 - l. Let k(i) = -i**3 + 3 + 2*i**2 - 4*i + i**2 - 7*i**2 - 9. Calculate k(p).
10
Let d(b) = -b**3 - 5*b**2 - b + 3. Suppose 60 = -a + 5*a. Let h = a - 12. Suppose -11 = h*r - 4*i, -2*r - 5*i - 1 - 14 = 0. Calculate d(r).
8
Suppose 15 = 2*t + 5. Let o(f) = 3*f + 2. Let b(y) = y + 1. Let d(h) = -8*b(h) + 3*o(h). Calculate d(t).
3
Let a(r) be the first derivative of -r**5/20 - 5*r**4/12 + 2*r**3/3 + r**2/2 - 20*r + 21. Let s(z) be the first derivative of a(z). Calculate s(-3).
-29
Suppose -4*l = y - 9 - 1, 3*l + 4 = 5*y. Let r(w) = 1 - w**2 + 8*w + 5 - 10 - y. Give r(8).
-6
Let n = -8 + 8. Suppose n = -0*k - k. Let w(i) = -5*i + k*i + 3*i + 5*i - i**2 + 7. Give w(5).
-3
Let d(m) = -m**3 + 24*m**2 - 24*m + 29. Let u be (368/40)/((-3)/(60/(-8))). What is d(u)?
6
Let r(b) = 47*b + 11. Let i(z) = -21*z - 5. Let t(o) = -9*i(o) - 4*r(o). What is t(-8)?
-7
Let x(g) = 4*g**3 + 5*g**2 + 10*g - 11. Let b(t) = 5*t**3 + 5*t**2 + 11*t - 12. Let z(f) = -5*b(f) + 6*x(f). Calculate z(5).
19
Let n(h) = 2 - 6 - 7569*h + 7556*h. Calculate n(2).
-30
Suppose 30*t + 8*t = 228. Let x(p) = -4*p + 22. Give x(t).
-2
Let n(h) = h**2 - 7*h - 5. Let r(l) = -l - 6. Let o be r(-5). Let m = 14 - 14. Let j be 7 + m/(-3) + o. Give n(j).
-11
Let r(g) be the third derivative of -g**8/6720 - g**7/360 - g**6/144 + g**5/24 + 3*g**4/8 + 4*g**2. Let x(b) be the second derivative of r(b). What is x(-6)?
-1
Suppose 3 - 1 = t. Let h(l) = -2*l**2 - 3 - 7*l + t*l - 2*l + 5*l. Calculate h(-2).
-7
Let u be 2/(3 + -4 + -1). Let y be ((-6)/(-15))/u - (-34)/10. Let b(p) = p**2 - 3*p - 4. Calculate b(y).
-4
Let j(z) = -z**3 + 5*z**2 + 5*z + 5. Let h be (-9 - -5)/(4/(-6)). Suppose 0 = 2*f + 3*d, 0 = -2*f - d + h*d + 32. Calculate j(f).
-1
Let k(n)